uppose l*z - 35 + 4 = 3*b, 0 = -z - 4*b - 16. Suppose -3*o = y - 272, -z*y + 2*y - 168 = -2*o. Is o prime?
True
Suppose 4*b + 13 = 457. Suppose -5*s = 3*k + 2*k - 185, -3*k = 5*s - b. Is k composite?
False
Suppose -84 = -r - 3*r. Is r a prime number?
False
Let t be 1/((-2)/4)*1. Let x be 0 + 3 + 1*t. Is (x - 0)*19/1 prime?
True
Suppose 0 = 3*q - 3*h + 7*h - 795, 3*h + 1060 = 4*q. Suppose -4*d + q = d. Is d prime?
True
Let g be ((1 - 1) + 1)*1. Suppose -g = a - 4*u + 7, 3*a = 4*u - 8. Suppose -2*t + 38 = 2*d + 2*t, -3*d + t + 36 = a. Is d a composite number?
False
Suppose -53 = 2*x - 3*x. Is x prime?
True
Suppose -4*s + 17 - 1 = 0. Suppose -241 = s*v - 1045. Is v composite?
True
Let o(n) = -n**3 - 11*n**2 - 8*n - 41. Is o(-19) a composite number?
False
Let j = 319 + -34. Suppose j = 4*l - 199. Is l a prime number?
False
Suppose -28 = -2*o + 20. Suppose 5*f + 0*q - o = q, q = -3*f + 8. Is 0 - f/((-8)/14) prime?
True
Suppose 2*b + w - 367 = 0, b - 2*w + 549 = 4*b. Suppose 2*z + 3*z - b = 0. Is z a prime number?
True
Let f(b) = 2*b**2 + 4*b - 2. Let h(t) = -2*t - 1. Let o be h(5). Let i = -15 - o. Is f(i) composite?
True
Let b = 322 + 61. Suppose a - 2*s = -1, 2*a - s - 13 = -3*a. Suppose 0 = -a*y - l + b, y - 4*l - 33 = 86. Is y prime?
True
Suppose -4*q + 9*q = 2635. Is q composite?
True
Let s = -7 - -11. Is 117 + 4/(-2) + s a composite number?
True
Let o(i) = 17*i**2 + 7*i - 17. Is o(13) prime?
False
Let q(j) = -11*j**3 + 10*j**2 - j + 9. Let l(g) = 4*g**3 - 3*g**2 - 3. Let z(o) = 8*l(o) + 3*q(o). Suppose 2*t = -2*t + 20. Is z(t) a composite number?
False
Suppose -4*r = 4*a - 4496, 0 = -a + 5*a + 5*r - 4492. Suppose -a = -4*m + 2*m. Suppose 179 - m = -5*h. Is h prime?
False
Let z(c) = -c**3 - 12*c**2 - 3*c + 1. Is z(-12) a composite number?
False
Let w = 1271 + -714. Is w prime?
True
Let q = 576 + -259. Let a = q - 139. Is a composite?
True
Let k(f) = -3*f**3 - 3*f**2 - 2*f - 1. Suppose -p - 3*p - 4 = -4*q, 2*p = -2*q - 10. Is k(p) a composite number?
False
Suppose -3*w = -6*w + 258. Let x = w + -35. Suppose 4*z = 2*f + x + 159, -3*f = -3. Is z composite?
False
Let g = 81 - 19. Is g a composite number?
True
Let a = 1 - -3. Suppose -15 = 5*f, a*f = 3*r + 2*f - 621. Is r a prime number?
False
Is (1/1)/((-6)/(-3162)) prime?
False
Is 8008 - (-12)/(-8)*(-2)/3 prime?
True
Let q = 223 + -80. Is q a prime number?
False
Let k(c) = -3*c. Suppose 0 = 4*x + j - 6, 3*x + 20 = 8*x - 5*j. Suppose 0 = 5*m + t + 27, x = -2*m + 4*t - 0*t. Is k(m) prime?
False
Suppose 5*l = 2*l + 9. Suppose -4*q = -5*y - 6, -4*y + q = -l*q + 8. Is y prime?
True
Suppose -4*d + 7*d - 2019 = 0. Is d a composite number?
False
Suppose 5*j = j + 108. Suppose 163 = 5*o - 2*h - 0*h, -h + j = o. Is o composite?
False
Let a = -1 - -1. Let l = 3 + a. Is (320/6 + 1)*l a prime number?
True
Let l = 407 + -84. Let n = l + -124. Let q = n + -134. Is q a prime number?
False
Let v(p) = 289*p + 3. Is v(2) a prime number?
False
Let n = 7 + -2. Let t = 3 - n. Is (-8)/2*t/4 a composite number?
False
Suppose -5 = -3*w + 2*w. Let d(h) = 0*h + 0*h + h**2 + h - 7. Is d(w) a prime number?
True
Suppose -1655 = -9*p + 4*p. Is p a prime number?
True
Let k = 24 - 14. Suppose -2*h = -4*p - 4 + k, 5*p - 5*h = -5. Is p a composite number?
True
Suppose -4*t + 991 = -5*d, 2*t = -2*t - 3*d + 1031. Is t a composite number?
True
Suppose -3*l = -293 - 478. Is l composite?
False
Suppose 15*l = 13*l + 4790. Is l prime?
False
Suppose 164 = -5*l + 399. Is l composite?
False
Let s = 2267 - 1449. Is s prime?
False
Let p(z) = z**3 - 16*z**2 - 10*z + 5. Is p(18) prime?
False
Let c(h) = 12*h - 6. Let y(p) = p**3 + 13*p**2 + 11*p - 17. Let x be y(-12). Let b be c(x). Let q = 125 + b. Is q a composite number?
False
Suppose x - 3 + 2 = 0. Suppose x = k, 27 + 110 = 2*z + 3*k. Is z prime?
True
Let m(g) = 370*g + 19. Let q be m(7). Is 12/42 + q/7 composite?
False
Let y be 8/24 - 22/(-6). Suppose 177 = 6*i - i - 2*s, -y*i + 152 = s. Is i prime?
True
Suppose -5*r = -5*n + n + 100, -n + 25 = -5*r. Suppose 0 = -g + 121 + n. Is g prime?
False
Let x = 126 + -44. Let j = -45 + x. Is j prime?
True
Let x(j) = -5*j - 5. Let o(g) = 10*g + 11. Let b(a) = -3*o(a) - 5*x(a). Is b(-9) a prime number?
True
Let t(m) = m**3 + 4*m**2 - 3*m - 6. Let b be t(-5). Is -2*4/(b/478) prime?
True
Let c(h) = h**3 - 3*h**2 + h + 2. Let o be c(3). Suppose -o*k - 6*s + s = -20, -k + 13 = 4*s. Is (-1)/k*-1 - -5 a composite number?
True
Let j = 26 - 16. Let z = j + -6. Suppose f = 7 + z. Is f a prime number?
True
Suppose -10 - 6 = -5*x - i, 4*x = 4*i + 32. Suppose -224 = -x*t - 4*g, 3*t - 5*g + 0*g = 208. Suppose -4*c - 5 = -t. Is c a prime number?
False
Suppose 0 = -3*b - 0 + 12. Let m(j) = j**3 - 4*j**2 + 2*j - 1. Is m(b) a composite number?
False
Let x(v) = 2*v + 2. Let a be x(-4). Let o be 1/1 + -1 + a. Is o/((8/22)/(-2)) a composite number?
True
Let l be 24/10 + 4/(-10). Suppose -3*y - 19 = -3*d - 4, -l*d = -4*y - 12. Is -2 + d - (-25 - -2) prime?
False
Is (-14 + 12)*(-37)/1 prime?
False
Suppose -137 = 5*q - 682. Is q composite?
False
Suppose -3*i - 30 = -h, 2*i - 2*h + 30 = -i. Let a = i + 6. Is (-2)/a - 11/(-2) composite?
True
Suppose -999 = -3*a + 3*f, 2*a + 0*f = -3*f + 656. Is a composite?
False
Let g(v) = 4*v**3 - 9*v**2 + 12*v + 10. Let q be g(10). Suppose 4*x = 4*p - 2324, -q = -4*p + x - 906. Is p prime?
False
Let z(k) = -9*k + 11. Let x be z(10). Let c = x + 290. Is c prime?
True
Let p be 3/(-2 - -1 - -2). Is 282/8 + p/(-12) a prime number?
False
Let a be (-2)/12*-4*-12. Suppose -x + 4*p = -250, x - 2*p - 336 = -86. Is 2/(-8) - x/a a composite number?
False
Suppose 3*o - 2199 = -3*l, -2*l + 0*l + 3*o + 1466 = 0. Is l a prime number?
True
Let u be (486/(-21))/((-2)/14). Let y = -77 + u. Is y prime?
False
Let k(c) = 3*c**2 - 2*c - 9. Is k(-6) a prime number?
False
Let a be (-1)/2*2*1. Let w = 1 - a. Suppose m - 18 = -w*m. Is m a prime number?
False
Suppose 4283 = 4*r - 3*p, 1370 - 294 = r + p. Is r prime?
False
Let z = 5 - 3. Suppose -3*j = -0*b - 3*b + 27, z*b - 3*j - 14 = 0. Let q = b + -6. Is q a prime number?
True
Is 8/(-12)*(-4614)/4 composite?
False
Suppose -5*a + 6 = -3*o - 3, 0 = 2*o - 5*a + 11. Suppose 0*h + 32 = o*h. Suppose h - 61 = -5*q. Is q a composite number?
True
Let y be (-13)/2 + 2/4. Let v be (0 + 3)*44/y. Is (5 - 2)/((-2)/v) prime?
False
Suppose -4*h + 13 = -9*h + n, -5*n = -5*h - 5. Let a be (-14)/h - (-6)/(-9). Suppose a*g - 33 = 3*g. Is g a prime number?
False
Suppose 0*l = -5*l + 320. Suppose -5 = a + 4. Let g = l + a. Is g a composite number?
True
Suppose 83*k - 81*k = 5018. Is k composite?
True
Let c(w) = 13*w + 1 - 2*w + 3. Let l be c(4). Let d = l - -41. Is d composite?
False
Suppose -3*x = -3*j + 2*j - 34, 4*j = -2*x + 32. Let n(t) = 2*t**2 + 2*t + 3. Let w be n(-2). Let l = w + x. Is l a prime number?
True
Let p be (2 + -5)*10/(-3). Let u = p - 5. Let v(z) = 3*z**2 - 6*z + 2. Is v(u) a prime number?
True
Let d = -22 - -48. Let g = 12 + d. Is g a composite number?
True
Let l = -452 - -1231. Is l a prime number?
False
Suppose 0 = 3*b + 4*n - 213, n = -4*b + 2*n + 265. Is b composite?
False
Let u be (-20)/(-6) - 2/6. Suppose 3*q + 2*l = -1, -l + u = 2. Is 3*-2*(q - 0) composite?
True
Let x be 12/2 - (4 + -2). Is x*(-2)/(-8)*53 composite?
False
Let j(n) = 5*n**2 - n + 1. Let a be j(1). Suppose 0 = 2*y + 2*w - a*w + 250, 2*w + 132 = -y. Is (y - (1 - 2))*-1 prime?
True
Suppose 0 = -3*z + 2*o - 16, 5*o + 23 = -0*z - 3*z. Let r(l) = 3*l**2 - 2*l + 7. Is r(z) composite?
False
Suppose 0 = -2*m + 4*l + 20, -1 = -m - 4*l - 3. Suppose -m = 3*y, -12 = -p + 4*y + 1. Suppose -412 = o - p*o + 3*q, -3*o + 2*q + 309 = 0. Is o prime?
True
Suppose -f + 7 = p, 0 = 3*f - p - 0*p - 5. Suppose -w = -0*a + f*a - 3, -w + 2*a = 7. Let t = 11 - w. Is t a prime number?
False
Let x(t) = 3*t**3 + 1. Let a be x(-1). Let d = 6 + a. Suppose -d = -i + 7. Is i a prime number?
True
Suppose -4*l = 2*z - 30, z - 3*z + l + 5 = 0. Suppose 0*n = -z*n + 5. Let q(x) = 78*x**3 + x. Is q(n) composite?
False
Let z(s) = 2*s**2 + 2*s. Let v be z(-2). Suppose -227 = -v*f + 73. Let q = -22 + f. Is q a composite number?
False
Let k be (-4)/10 + (-26)/10. Let m be 1/(k/(-12)*1). Suppose 34 = m*r - 106. Is r a prime number?
False
Is 2/(-4)*14*-29 a prime number?
False
Let q =